rime factors of c/(-9) - (-22)/1?
2, 3
Let t(l) = -l**3 + 2*l**2 + 2*l. Let h be t(2). What are the prime factors of (8/(-5))/(h/(-130))?
2, 13
Suppose u + f - 401 = 0, -f = 4*u + 906 - 2507. List the prime factors of u.
2, 5
Let k(r) = -36*r. Let y(t) = -t**2 - 10*t - 16. Let i be y(-9). List the prime factors of k(i).
2, 3, 7
Suppose -4*s + 17461 = 5*n, -23*n + 18*n - 3*s + 17457 = 0. What are the prime factors of n?
3, 1163
Suppose 18*q + 5495 = 25*q. What are the prime factors of q?
5, 157
Suppose -4*t - 129 - 355 = 2*x, 3*x = -3*t - 357. Let a = t - -134. List the prime factors of a.
11
Suppose -7*c = -5*c - 5*k + 2, -5 = 5*c + 4*k. What are the prime factors of 4 + c - (-470)/2?
2, 7, 17
Suppose 3*b - 14 = -4*j - 4, -j - 4 = 4*b. Suppose -3*p - 30 = -j*p. Suppose 3*q + p - 210 = 0. List the prime factors of q.
2, 3, 5
Suppose 61445 = 16*s + 5317. What are the prime factors of s?
2, 877
List the prime factors of 154 + -155 + (3 + -1 - -553).
2, 277
What are the prime factors of (0 - 3)*(-1103)/3?
1103
Suppose 2*s + 217 = d - s, -212 = -d - 2*s. List the prime factors of d.
2, 107
Suppose -69*k + 4725 = -60*k. List the prime factors of k.
3, 5, 7
Suppose -5*s + 3*r + 19 = 0, 3*s = 4*r - 9*r + 25. Suppose s*n - 133 = 3*g, -n - 4*g = -5*n + 108. What are the prime factors of n?
2, 13
Suppose 39*t = 54*t - 46710. What are the prime factors of t?
2, 3, 173
Suppose -5*y - 4*o = -59, -o - 2*o + 33 = 3*y. Suppose 3*v = -q + 5, -5*q + 2*v - y + 6 = 0. List the prime factors of 9 - q/((-3)/6).
7
Let g be ((-366)/(-18))/(2/6). Let o be (1 - (-1 + 4)) + 138/1. Let a = o - g. What are the prime factors of a?
3, 5
Suppose 3*q = -2*c + 87, 3*c = -q + 84 + 64. Let a = 85 - c. What are the prime factors of a?
2, 17
Let l(f) = f**2 - 25. Let v(q) = -q. Let j(n) = l(n) - 5*v(n). What are the prime factors of j(12)?
179
What are the prime factors of (-30)/9*(4 + -1117)?
2, 5, 7, 53
Let o = -964 + 1915. List the prime factors of o.
3, 317
Let l(q) = -163*q - 14. Let c be l(-5). Suppose -5*r - 3*a + c = 0, a + 94 = 4*r - 557. Suppose 4*y + 62 = r. List the prime factors of y.
5
Let v(a) = -a - 16. Let p(l) = -l**3 - 28*l**2 + l + 4. Let u be p(-28). What are the prime factors of v(u)?
2
Let j(w) = -4*w**2 + 18*w - 42. Let h(k) = k**2 - 6*k + 14. Let v(i) = -8*h(i) - 3*j(i). List the prime factors of v(3).
2
What are the prime factors of 15717/52*(-16)/(-6)?
2, 13, 31
Suppose 0 = -p - 2*a - 8, 0 = 5*p + 3*a - 4 + 9. Suppose -4*o + 4*g = -4, -22 = 2*o - 4*o - p*g. What are the prime factors of o?
2, 3
Suppose 5*c = -18 + 33. Suppose c*m - 548 = -119. What are the prime factors of m?
11, 13
Let j(v) be the third derivative of -v**6/120 - v**5/30 - v**4/12 + 22*v**3 + 2*v**2. List the prime factors of j(0).
2, 3, 11
Suppose 13*x = 45 + 7. Suppose -x*v + 283 + 85 = -u, 0 = -v - 2*u + 101. What are the prime factors of v?
3, 31
Let l(r) = 2*r**2 + 18*r + 15. Let d be l(-8). List the prime factors of 213/6*(d - -3).
71
List the prime factors of (-84)/60*-5 + 2338.
5, 7, 67
Suppose -3*p + 4*t + 1390 = 2*t, -3*t = -4*p + 1853. List the prime factors of p.
2, 29
Let d(t) = -4*t + 26. Let c be d(6). What are the prime factors of 241/4 + (-3)/24*c?
2, 3, 5
Let y(x) = 8*x**2 - 5*x - 4*x**2 - 15 - x**2. List the prime factors of y(-8).
7, 31
Let s = 5303 + -3407. What are the prime factors of s?
2, 3, 79
Suppose -3*p - 13 = -l, 5*p + 27 = -l - 0. List the prime factors of l/(-6) + 244/6.
41
List the prime factors of 3 + -2 + 3 + 740.
2, 3, 31
Let y = -286 + 458. Let k = -88 + y. Let b = 141 - k. What are the prime factors of b?
3, 19
Suppose 0 = -14*b + 54 + 30. Let w = 4 + 5. Let v = b + w. List the prime factors of v.
3, 5
List the prime factors of 24/(-12) + (-1160)/(-2).
2, 17
Let o(v) = -9 - 3*v**3 - 2*v + 2*v**3 - 2*v**2 + 6*v**2 + 2*v**3. List the prime factors of o(4).
3, 37
List the prime factors of ((-3561)/2)/((-63)/14 - -3).
1187
Let l = -15 - -19. Suppose 2*x - 3*r - 133 = 0, l*r - 10 - 10 = 0. Suppose -x = 4*p - 182. What are the prime factors of p?
3
Let o(k) be the third derivative of 1/120*k**6 + 4/3*k**3 + 0*k + 2/15*k**5 - 1/8*k**4 + 0 + k**2. What are the prime factors of o(-8)?
2
Let m be 1 + 6 - (0 + 1). Suppose -18 = m*z - 90. What are the prime factors of z?
2, 3
Suppose 0 = 3*t, -2*p + 7*p + 5*t = 85. Let u = -1 - 9. Let v = p + u. What are the prime factors of v?
7
Suppose 16*m = 11*m - 260. Let r = 123 + m. What are the prime factors of r?
71
Suppose 7*o - 6*o = 2. Let a be o/(-1) + (1 - -1). Suppose -g - 3 + 8 = c, a = -2*c. List the prime factors of g.
5
What are the prime factors of 4568/60 - 28/210?
2, 19
Let x be (8/(-16))/((-1)/(-2)). What are the prime factors of 4 + (x - (-8)/2)?
7
Let g = -4 - -7. Suppose r + g*n + 9 = 41, -4*n + 71 = 3*r. What are the prime factors of r?
17
Let u = -13 - -22. Suppose -u*d + 369 = -6*d. What are the prime factors of d?
3, 41
Let v = 39 + -36. Suppose 20 = -4*n, -5*m - 2*n + 100 = -v*n. List the prime factors of m.
19
Suppose 4*y = c - 0*c - 9, -21 = 5*c + 2*y. Let r(a) = -6*a**3 - 4*a**2 - 4*a + 4. List the prime factors of r(c).
2, 71
Let i = -2668 - -5834. List the prime factors of i.
2, 1583
Suppose 3*y - 2 = y, -m + 641 = 3*y. List the prime factors of m.
2, 11, 29
Let o = 1448 - 516. What are the prime factors of o?
2, 233
List the prime factors of (8 - 9615/(-60)) + 1/(-4).
2, 3, 7
Let o be (-8)/12 - ((-24)/9 + 0). Suppose 132 = 2*y + o*v, 21 - 6 = 5*v. List the prime factors of y.
3, 7
Let x(b) = -2*b**3 + 13*b**2 - 5*b + 6. Suppose 3*w - 8 - 4 = 0. Suppose w*c = -5*m + 9, -4*c + 3*m + 10 + 23 = 0. List the prime factors of x(c).
2, 3
Let y be 30/9*72/15. Suppose 50 = 2*h + 4*j + y, -5*h = -5*j - 115. What are the prime factors of h?
3, 7
Suppose f - 11 = -3*s + 3*f, -4*s + 43 = 3*f. Suppose -s*b - 12 = -3*b. Let h = b - -6. List the prime factors of h.
3
Suppose 4*k = 2*v + 2204, 2*k = -3*v + 540 + 546. Suppose -10*c = -c - k. List the prime factors of c.
61
Suppose 2*t = -2*t - 36. Let x be (-6)/t*3 - -1. List the prime factors of (0/(-3) - -1) + x.
2
Let f(m) = -65*m - 635. List the prime factors of f(-27).
2, 5, 7
Suppose 6*j - 1132 = 266. List the prime factors of j.
233
Let c(l) = 1129*l**2 - l. Let r be c(-1). Suppose 5*o - 5*v - 2139 = -739, -4*o = v - r. List the prime factors of o.
2, 3, 47
Let j be 22/8 + 1/4. Suppose 4*a + 2*q = a - 6, 0 = -3*a - j*q - 9. Suppose m - 3*m + 18 = a. What are the prime factors of m?
3
Suppose -11*t + 2313 = -8159. List the prime factors of t.
2, 7, 17
Let t = 2640 - 1348. What are the prime factors of t?
2, 17, 19
What are the prime factors of (-20 + 0)*(-988)/95?
2, 13
Let w(l) = -6*l + 2*l + l**2 - 2*l - 8 + 1. Let j be w(5). List the prime factors of 32/j*(-15)/2.
2, 5
Let o(k) = 0*k**2 - 5*k + 2*k + 4 + k**2. Let x be o(4). Let i = 34 - x. What are the prime factors of i?
2, 13
What are the prime factors of 441/28*128/3?
2, 3, 7
Suppose 2*j = 3*x - 11, 2*x = -3*j - 2*x + 9. What are the prime factors of 7/(49/329) - 3/j?
2, 5
Let g(o) = -o - 19. Let y be g(6). List the prime factors of (-335)/y + (-6)/(-10).
2, 7
Let q(x) = -x**3 - 22*x**2 + 32*x + 336. What are the prime factors of q(-28)?
2, 7, 37
Suppose -4*y - 5*d = -10126, -3*d - 91 + 85 = 0. What are the prime factors of y?
2, 7, 181
Let v(q) = -2*q**2 + 10*q + 7. Let w be v(-8). Let f = w + 422. List the prime factors of f.
13, 17
Let c(o) = 1171*o**2 - 28*o + 64. List the prime factors of c(2).
2, 3, 17, 23
Suppose 5*z = 2*b - 52, -5*z - 3*b = -z + 37. What are the prime factors of (-11)/((-330)/5796) - (-2)/z?
193
Suppose 4*b + 754 = -20*j + 22*j, -4*j + 1556 = 4*b. What are the prime factors of j?
5, 7, 11
Let d be 1 - 86 - (2 + -4). Let z = d - -150. What are the prime factors of z?
67
Let o be 0/(1 + 2 - 2). Suppose o = -27*r + 35*r - 1184. What are the prime factors of r?
2, 37
Suppose -3*s = -6 - 6. Let f be s*-11 - 33/(-11). Let b = -17 - f. List the prime factors of b.
2, 3
Let v = 18 + -16. Suppose 0 = -4*i + 2*w - 4*w + 48, 0 = 3*i - 5*w - 10. List the prime factors of 2/(v/i*1).
2, 5
Let u(m) be the third derivative of m**5/60 + 5*m**4/24 - m**3/2 - 13*m**2. List the prime factors of u(-9).
3, 11
Let a(q) = 40*q**2 - q + 1. Let o(m) = 4*m**2 + 2*m - 35*m**2 - 3 - 50*m**2. Let n(